of m.
5, 37
List the prime factors of (-99)/2*(-132 + 66).
3, 11
Let m = 464 - 230. What are the prime factors of m?
2, 3, 13
Suppose 75*q = 13*q + 85188. List the prime factors of q.
2, 3, 229
Let s(m) = 5*m**3 + 4*m**2 - 5*m + 5. Let d = -72 + 74. List the prime factors of s(d).
3, 17
Let a be (1 - 12/8)*-86. Let f(o) = -o - 43 + a. List the prime factors of f(-2).
2
Let j(u) be the first derivative of -u**4/4 - 5*u**3/3 + 2*u - 23. List the prime factors of j(-6).
2, 19
Suppose 3*b = 4*q + 28, 2*q = -0*q + 4*b - 24. Let t(o) = -o**3 - 4*o**2 - 1. Let s be t(q). What are the prime factors of (-301)/(-28) - s/4?
11
Let a(o) = -112*o + 59*o + 50*o + 17. Let d = -17 - -9. What are the prime factors of a(d)?
41
Let d(b) = b**3 - 15*b**2 + 21*b - 131. List the prime factors of d(24).
5557
Suppose -2*f - 3 = -4*o + 3*f, -15 = 4*o + f. What are the prime factors of 113/3 - (-2)/o?
37
Let h = -459 - -1315. List the prime factors of h.
2, 107
What are the prime factors of (3/5 - 1) + (-10374)/(-10)?
17, 61
Suppose 2*f + 2*h = -3*h - 6, h = f - 4. Suppose 65 + 78 = f*p + 5*r, -2*r - 136 = -2*p. List the prime factors of p.
3, 23
Suppose -21*l + 3 = -20*l, -5*c + 6440 = 5*l. List the prime factors of c.
5, 257
Suppose -4*o - 410 = -t + 3*t, -211 = t - o. Let x = t + 374. Suppose 0 = 3*l - 3*h - x, -3*h + 2*h - 161 = -3*l. What are the prime factors of l?
53
Let u(s) = 13*s**2 - 27*s - 40. What are the prime factors of u(-16)?
2, 3, 5, 31
Suppose 0 = 4*u - 1430 - 8042. List the prime factors of u.
2, 37
Let y be ((-5)/2)/((-3)/6). Let t(p) = p**2 - 4*p - 3. Let o be t(y). Suppose o + 2 = c. List the prime factors of c.
2
List the prime factors of (147 + -16)/((-10)/(-260)).
2, 13, 131
Let p = 358 + -204. Let t = p - 19. What are the prime factors of t?
3, 5
Let z(i) = -17*i - 1. Suppose -3*u = -6, -50 = -3*t - 2*t - 5*u. Let k be (2/(-3))/(t/12). List the prime factors of z(k).
2
Let l = -14 - -8. Let x be 2 - (3 - l)/(-3). Suppose s + 128 = x*s. List the prime factors of s.
2
Suppose 3*l + 6*k + 155 = 2*k, 2*k - 170 = 4*l. What are the prime factors of (l/(-5))/(-3) + 61?
2, 29
Suppose 394*p - 390*p = 2824. What are the prime factors of p?
2, 353
Suppose 0 = 9*k - 4*k - 50. What are the prime factors of 3/5 + 964/k?
97
Suppose t - 581 = -o, -4*t - o + 0*o = -2336. List the prime factors of t.
3, 5, 13
Let l = 18 + -16. Suppose h + 196 = a - l*h, 4*a + 5*h = 767. List the prime factors of a.
193
Suppose 2*i + 132 = 472. List the prime factors of i.
2, 5, 17
Let v(q) = -163*q - 293. What are the prime factors of v(-11)?
2, 3, 5
Suppose 42*b - 39*b = -12, -3*d + 176 = b. What are the prime factors of d?
2, 3, 5
Suppose -27*c + 6907 = -19796. List the prime factors of c.
23, 43
Suppose 0 = 5*x + g - 6574 + 909, -2266 = -2*x - 4*g. What are the prime factors of x?
11, 103
Let g = 540 - 164. What are the prime factors of g?
2, 47
Let i be (-4)/(-16) - 22/16*-2. Suppose 5*q - 2*q - i*m = 279, 1 = -m. What are the prime factors of q?
2, 23
Suppose 0 = 3*r + r. Suppose r = -z - z. Suppose -2*g - 2*d + 7*d + 50 = z, g = -d + 32. List the prime factors of g.
2, 3, 5
Suppose -4*t + 8 = -0. Suppose -3*k - t*k = -75. Let i = k - -3. List the prime factors of i.
2, 3
Suppose -2508*d - 13672 = -2512*d. What are the prime factors of d?
2, 1709
Let r = 539 - 410. What are the prime factors of r?
3, 43
Let v(j) = 59*j**3 - 8*j**2 + 38 + 53*j**3 - 4*j - 113*j**3. List the prime factors of v(-9).
5, 31
Let o(b) = b**2 + b + 2. Let x be o(0). Suppose x*f = 3*f + 3. List the prime factors of 2 + (22 - 2 - f).
5
Let o(g) = 5*g**2 + 36*g + 8. What are the prime factors of o(-9)?
89
Let l = 1055 + -624. Suppose -43 = 4*b - l. What are the prime factors of b?
97
Suppose 3*a + 4*u + 5 = 0, 3*a + 6 = -3*u - 0. Let r be (3/(-5))/(a/15). Suppose r + 1 = z. What are the prime factors of z?
2
Let o be (0 - 1) + (5 - 14). Let x be (o + 8)/((-2)/3). Suppose 0 = 3*l + i - 67, 2*l = -0*l - x*i + 47. List the prime factors of l.
2, 11
Let x(y) = y**3 - 7*y**2 + 13*y - 3. Let v be x(3). Suppose 14*z - 10*z - 428 = v. What are the prime factors of z?
107
Let j(d) = 14*d**3 - 3*d**2 + d. Let l be j(2). Let q = 11 + l. What are the prime factors of q?
113
Suppose -54 = 3*y - u + 3*u, 89 = -5*y - 3*u. Let n be ((-2)/8)/(2/y). Let p(b) = 4*b**2 - 2*b + 2. What are the prime factors of p(n)?
2, 7
What are the prime factors of ((-25118)/(-76))/((-2)/(-4))?
661
Let o(z) = -2*z**2 + z + 2. Let x be o(0). Let b(d) = 9*d**3 + 3*d**2 - 2*d + 1. List the prime factors of b(x).
3
Let t = -31 + 30. What are the prime factors of 18 - t/(-1)*(-11 + 10)?
19
Suppose 0 = 5*w + 15, -5*w + 42 = -4*r + 573. List the prime factors of r.
3, 43
Let m = -196 + 418. List the prime factors of m.
2, 3, 37
Let m(u) = u**2 - 2*u + 1023. List the prime factors of m(0).
3, 11, 31
Let t be 128 - 2*(-20)/8. Suppose -a + t = -0*a. List the prime factors of a.
7, 19
Let t = 262 + -215. What are the prime factors of t?
47
Let t(s) = s**2 + 13*s + 7. Let q(p) = -14*p**2 + p + 1. Let l be q(-1). What are the prime factors of t(l)?
3, 7
Let h = 7 - 9. What are the prime factors of -1 + (-60)/h - -4?
3, 11
Let m(u) = 71*u**2 - 2*u. Let z be m(2). Suppose -r + 5*v = 1, -3*v - 14 = 2*r - v. What are the prime factors of z/r*(-30)/25?
2, 7
Let k(h) = 3*h - 79. Let i be k(27). Suppose 0 = 2*r + 3*y + 29 - 453, -i*y = 2*r - 422. What are the prime factors of r?
11, 19
Let i(a) = -7*a + 5. Let l be i(-4). Let x = l + -11. List the prime factors of x.
2, 11
Let j(k) = -312*k - 201. List the prime factors of j(-6).
3, 557
Suppose -259*x = -264*x + 3125. List the prime factors of x.
5
Let s be (-414 + -3 + -1)/(-2). Let m = s + -113. What are the prime factors of m?
2, 3
Suppose 4*w - 89*l - 4373 = -86*l, 0 = w + 3*l - 1097. List the prime factors of w.
2, 547
Let y = 29 + -25. Suppose h + 4*h - y*w = 1083, -873 = -4*h + w. What are the prime factors of h?
3, 73
List the prime factors of -1 + 11 + -3 - (51 + -2049).
5, 401
Let s = -2 - -1. Let v be 3 - (1 + s + -1). List the prime factors of 2/(v/10) + -1.
2
Let p be (-2)/(44/(-12) - -3). Suppose 2*s = p + 3. Suppose -5*m - 5*f = -135, 7*f = s*m + 3*f - 67. List the prime factors of m.
5
Let f be (-26)/(-8) + 2/(-8). Suppose -f*b + 156 = -12. List the prime factors of b.
2, 7
Suppose 16*k - 13892 = 4556. List the prime factors of k.
1153
Let z = -12 + 19. Suppose -4*m + z = -5*t, -4*m + 20 = m + 5*t. Suppose -m = 2*o - 3*o. What are the prime factors of o?
3
Let z be (-3)/2*16/(-8). Suppose -z = 2*x - 7. List the prime factors of x - 67*(-3 - -2).
3, 23
Suppose 239 + 362 = g. What are the prime factors of g?
601
Let y = -352 - -357. Let a = 1 + 1. Suppose -a*c - 156 = -y*c + 3*m, -114 = -2*c - 3*m. What are the prime factors of c?
2, 3
Let g = 337 - -1632. List the prime factors of g.
11, 179
Let x = 665 + -227. List the prime factors of x.
2, 3, 73
Let z = -18 + 17. Let i be 44 + z*(6 + -4). List the prime factors of (-392)/i*(-6)/4.
2, 7
Suppose -3*p = 4*x - 34, 0 = -5*p - x + 6 + 45. What are the prime factors of p + -10 - (0 - 60)?
2, 3, 5
Suppose 3*n = 2 + 10. Suppose -4 = 2*j - n*j. List the prime factors of 1/j*-8 - -33.
29
Let m(i) = -i + 4. Let k be m(-7). Let j = 39 - k. Let u = 39 - j. What are the prime factors of u?
11
Let p = 270 + -96. List the prime factors of p.
2, 3, 29
Suppose 0 = 10*v - 8*v - 4. Suppose v*g + 140 = 7*g. Suppose 3*f - 41 = g. What are the prime factors of f?
23
What are the prime factors of 3/(-5) + (-880647)/(-345)?
2, 11, 29
Let v be -2 + 5 - 1*-1. Suppose 5*h + 12 = 4*f + 2, -2*h = -4*f + v. Suppose f = 3*n - 2*m - 30, n + 0*n = 5*m + 10. What are the prime factors of n?
2, 5
Let k be (3/(-3))/(5/(-635)). Suppose 5*z - 3*z = 5*u - k, 284 = -4*z + 4*u. Let f = -27 - z. List the prime factors of f.
7
Let w be -1 + -1 - (-1 - -48). Let i = w - -67. What are the prime factors of i?
2, 3
Let b be (-6)/2*26/(-3). Let k = -21 - -25. Suppose 3*r = k*r - b. List the prime factors of r.
2, 13
Suppose -844 = -19*a + 1740. What are the prime factors of a?
2, 17
Let j = 8 + -6. Suppose -j*x = -5*m + 17, 0 = 4*m - 3*m + 3*x - 17. Suppose 5*u - 70 = -5*y, m*y - 3*u = 3*y + 3. What are the prime factors of y?
3
Let x(v) = 3*v - 8. Let r be 23/4 + (-4)/(-16). Let k